mainder when r is divided by z?
13
Let o(f) = 2*f**2 - 4*f + 2. Let k be o(4). What is the remainder when (k/(-4))/(6/(-104)) is divided by 27?
24
Let w(u) = 4*u**2 + 3*u - 5. Let j = -210 + 150. What is the remainder when w(-4) is divided by (j/(-25))/((-3)/(-20))?
15
Let s(q) = -q**3 - 4*q**2 - 4*q - 2. What is the remainder when 53 is divided by s(-4)?
11
Let u be (-12)/42 - 74/(-14). Suppose 2*g + 0*r - 46 = -u*r, -3*r = -3*g + 111. Calculate the remainder when g is divided by 18.
15
Suppose -100 = -7*j + 3*j. What is the remainder when j is divided by 13?
12
Let z = -44 - -56. What is the remainder when z is divided by 4?
0
Let v(t) = t + 1. Let l be v(2). Suppose 6*i = 3*i - 3*g + 54, l*i + g = 50. Calculate the remainder when -2 + 4 + i + -1 is divided by 9.
8
Let j = 72 + -46. Suppose -4*t = -218 + j. What is the remainder when 6/(t/(-27) + 2) is divided by 14?
13
Let c = -19 - -32. Suppose 2*z = 3*h - 20, -z = 2*h - 0*h - 18. Suppose 4*w + 16 = h*w. Calculate the remainder when c is divided by w.
1
Let p be ((-3)/(-2))/((-1)/(-2)). Suppose 0 = -2*i + p*u + 26, 2*i = -2*u - 0*u + 26. Suppose 0 = 2*h - i + 1. What is the remainder when 10 is divided by h?
4
Let c(r) be the first derivative of 1/2*r**2 + 0*r**3 + 2 + 8*r - 1/4*r**4. What is the remainder when 22 is divided by c(0)?
6
Suppose 5*i + 2*j = 140, 6*j + 5 = 7*j. What is the remainder when 50 is divided by i?
24
Suppose 0 = 3*c - 0*c. Suppose 5*k - 76 = -2*n, k + c*n + 5*n = 29. Calculate the remainder when k is divided by 8.
6
Let u = 2 - -21. Let b = u - -12. Let h = -1 + 19. What is the remainder when b is divided by h?
17
Let x = 5 + 22. Suppose 60 = 4*z - 4*a, 3*z + z - a = 75. What is the remainder when x is divided by (z/(-15))/((-4)/42)?
13
Let r = -133 + 236. What is the remainder when r is divided by 26?
25
Suppose 7*s - 1401 = 594. What is the remainder when s is divided by 41?
39
Suppose -j + 2*j = -z + 17, 3*j - 2*z - 26 = 0. Let m = -7 - -7. Suppose -w + 85 = 4*l, 81 = -m*l + 3*l - 5*w. Calculate the remainder when l is divided by j.
10
Suppose -y + 2 = -i + 2*i, 0 = y - 2*i + 1. Suppose -2*f = 2*f + 8. Let d = -1 - f. What is the remainder when y is divided by d?
0
Let l be ((-14)/1)/2 + -3. Let b be l/((-5 - -3)*1). Suppose w + 244 = b*w. What is the remainder when w is divided by 21?
19
Let a(d) = -d**2 + 15*d - 3. Let t be a(6). Suppose m = 4*m - t. Calculate the remainder when m is divided by 10.
7
What is the remainder when -3*((-1)/(-1) + -2) is divided by ((-32)/4)/(-4) - 0?
1
Let d(s) = s + 1. What is the remainder when -10*(-2)/4*1 is divided by d(3)?
1
Calculate the remainder when 28 is divided by (6/(-8))/(3/(-72)).
10
Let v(a) = -49*a - 1. What is the remainder when v(-1) is divided by 17?
14
Let i = -7 - -40. Suppose 2*s + 12 = 5*s. Suppose z = -s*z + 60. Calculate the remainder when i is divided by z.
9
Suppose -7*u - 7 = -6*u. Let y(b) = 2*b**2 + 9*b - 5. Calculate the remainder when y(u) is divided by 16.
14
Let u be 0/1 + (6 - 4). Suppose 7*d - u*d + 2 = 2*z, d + 4*z - 4 = 0. Let t(f) = f**2 + 15. Calculate the remainder when t(d) is divided by 4.
3
Let z = 14 - 6. Let v = 27 + -17. Suppose n - z = v. Calculate the remainder when 53 is divided by n.
17
Suppose -4*a + 9 - 25 = 0. Calculate the remainder when 3 is divided by a/(-1) + (-6)/2.
0
Calculate the remainder when (((-159)/2)/3)/((-7)/14) is divided by 20.
13
Let o = 24 + -19. Calculate the remainder when 18 is divided by o.
3
Suppose -2*f + 2 = 6. Calculate the remainder when (-3 - f) + 3 + 28 is divided by 8.
6
Suppose 0*z - 6 = 3*z. Let f = -2 + z. Calculate the remainder when 6 is divided by 0 + 1 - f - 1.
2
Let q = 43 - 31. What is the remainder when (-174)/(-5) + 12/(-15) is divided by q?
10
Suppose -4*g + 34 = 3*k, -g - 4*g = 4*k - 45. Let u = 28 + 0. What is the remainder when u is divided by k?
8
Suppose -q - 3*g - 9 = 0, -q - 2*g = -7*g - 23. Calculate the remainder when (-3 - -11) + (3 - 0) is divided by q.
2
Let x = 44 + -9. Let o = 16 - 7. What is the remainder when x is divided by o?
8
Let v(c) = c**2 - 4*c - 7. Let k be v(6). Suppose -4*r + r = 5*b - 38, 0 = k*r + 20. What is the remainder when 16 is divided by b?
6
Suppose -3*k + 33 = 18. Calculate the remainder when k is divided by 3.
2
Suppose 0 = 3*g - 0 - 6. Suppose -r = -6 - g. What is the remainder when r is divided by (2/(-4))/((-2)/(-4)) - -6?
3
Let t(p) = -p**3 + 3*p**2 + 5*p. Calculate the remainder when 28 is divided by t(-2).
8
Let z(v) = 16*v**2 - 2*v - 1. Let s be z(-1). Suppose 4 + 4 = 4*i. Calculate the remainder when s/4 - 6/24 is divided by i.
0
Let a(b) = -b**3 + 4*b**2 + 3*b. What is the remainder when 143 is divided by a(4)?
11
Let r(h) = 2*h + 45. Calculate the remainder when r(0) is divided by 16.
13
Let x(y) = y + 21. What is the remainder when x(6) is divided by (-2)/6 - (-62)/6?
7
Let w(r) = 2*r**2 - 6*r - 6. Suppose -2*l - k = -5*k - 22, -5*l + 16 = 3*k. What is the remainder when w(l) is divided by 5?
4
Suppose 0 = 4*o - 2*o - 50. Calculate the remainder when 73 is divided by o.
23
Let m(f) = -f**3 - f**2 + 4*f. Let l be m(-3). Let g = -2 + l. Suppose -r - g*r = -10. What is the remainder when 3 is divided by r?
1
Suppose -2*a = 2*a - 152. Suppose -x = -2*x + a. Calculate the remainder when x is divided by 10.
8
Let y(d) = -d**3 - 16*d**2 - 31*d - 7. What is the remainder when 68 is divided by y(-14)?
33
What is the remainder when ((-154)/(-4))/1 + 3/2 is divided by 85/4 - 1/4?
19
Let f be -3*6*-3 - -1. Suppose 3*q + x = 33, 2*x + f = 5*q - 0*x. What is the remainder when 21 is divided by q?
10
Let d(i) = -i**3 - 6*i**2 - 6*i. Let p be d(-5). Let w(v) = 3*v + 10. Calculate the remainder when w(p) is divided by 14.
11
Let c(n) = -n**2 - 18*n - 24. Let h be c(-16). Suppose -68 + h = -5*q. Calculate the remainder when 35 is divided by q.
11
Let t = -5 + 21. What is the remainder when 4/14 + 981/21 is divided by t?
15
Let j(x) = 2*x**3 - x**2 + 2*x. What is the remainder when j(1) is divided by 2?
1
Let c = -5 - -11. Let s(k) = 3*k - 8. Let v = 33 + -4. Calculate the remainder when v is divided by s(c).
9
Let k = -67 + 94. Suppose -5*c + 42 = -2*c. Calculate the remainder when k is divided by c.
13
Let b = -3 + 3. Suppose 0 = -b*k - 3*k + 96. Suppose 0*q - q + k = 0. Calculate the remainder when q is divided by 11.
10
Suppose 5*t - 77 - 63 = 0. Suppose -3*f + t = f. What is the remainder when f is divided by 5?
2
Let g = 6 - -9. What is the remainder when g is divided by 4?
3
Let b(d) = 2*d + 34. Suppose 4*y + 2*c + 10 - 58 = 0, 0 = 4*y - 3*c - 68. What is the remainder when y is divided by b(-15)?
2
Suppose -2*f = -4*f + 10. Suppose -15 = 5*v, v - 6 - 1 = -f*n. Calculate the remainder when n is divided by 2.
0
Suppose -20 = -3*y + 2*i, -i + 12 = 4*y - 0*i. Suppose -4*m + 2*m + y = 0. Suppose q + 4 = 5. What is the remainder when m is divided by q?
0
Let m = 59 - 34. What is the remainder when ((-144)/10)/(4/(-20)) is divided by m?
22
Let a = 5 + -9. What is the remainder when 32 is divided by (11/a)/(1/(-4))?
10
Let b = 38 - 0. Calculate the remainder when b is divided by 13.
12
What is the remainder when 9 is divided by (-18)/135 - 32/(-15)?
1
Let c(w) = 6*w - 1. Let d be c(1). Suppose 4*y - 3*q - d = 0, -2*y - 3*q - 13 = 2*y. Let s = 2 - y. Calculate the remainder when 5 is divided by s.
2
Suppose 7*o - 6 = 4*o. Suppose 4*t - 32 = -2*s, 0*s + 2*t = -o*s + 42. Calculate the remainder when s is divided by 9.
8
Let g = 179 + -97. What is the remainder when g is divided by 42?
40
Suppose u - 3*u + 3*m + 8 = 0, -2*m - 12 = -3*u. Calculate the remainder when u is divided by (5 + -2 - 1) + 1.
1
Suppose -12 = -3*r + 2*r. Calculate the remainder when 57 is divided by r.
9
Suppose 4*c = 2*c + 96. What is the remainder when c is divided by 13?
9
Suppose 6*j - 51 - 69 = 0. Calculate the remainder when 79 is divided by j.
19
Let a(v) = 42*v**2 - v + 5. Let g be a(5). Suppose -4*m + 6*m = g. What is the remainder when ((-4)/(-5))/(10/m) is divided by 11?
9
Let h(i) = -i**2 + 8*i + 14. Let m(f) = 2*f**2 + 6*f + 4. Calculate the remainder when m(-6) is divided by h(8).
12
Let a(o) = -o**3 + 8*o**2 - 5*o - 3. Calculate the remainder when 19 is divided by a(7).
8
Suppose 0 = -2*p + p + 11. Calculate the remaind